
3
What is the value of -9 - ((5 - 6) + -3)?
-5
What is the value of 4 - (-5 + 1 - -3)?
5
What is 14 + -11 + (-2 - (3 - 2))?
0
What is -9 + (0 - (-4 + 0))?
-5
What is the value of (4 - 1 - 5) + -4?
-6
What is the value of -1 + -7 + 6 + -2?
-4
What is the value of 3 + (0 + (3 - -1) - 8)?
-1
0 + 0 - (-13 + 18)
-5
What is 5 - (8 + 6 + 0 + -8)?
-1
What is 26 - 27 - (-1 + 3)?
-3
What is the value of -65 + 70 + -1 + (0 - -6)?
10
Evaluate 9 + -3 + 2 + -6.
2
Evaluate -4 + (5 - 1) + 4 + -3.
1
Evaluate 0 + -1 + (-2 - (2 + -1)).
-4
What is the value of -1 + 3 - (-7 + 6)?
3
What is the value of 59 - 52 - (2 + 1)?
4
Evaluate (0 - 4) + 1 - 2.
-5
What is -7 + 4 - -9 - 8?
-2
What is the value of 2 + (-2 + -1 - 0)?
-1
What is the value of -3 - (-6 - (-6 + 0))?
-3
What is the value of -3 + -1 - (-8 - (-11 + 6))?
-1
What is the value of (-1 - 3 - -8) + 1?
5
What is 3 - ((-7 - -11) + -5)?
4
Calculate (-5 - (5 - (1 - -4))) + 1.
-4
What is the value of (-3 - 7 - -1) + 18?
9
-4 - -1 - (0 + 1 + 0)
-4
What is the value of (7 - ((-9 - -2) + 10)) + 3?
7
What is -3 + 9 + -3 - -1?
4
Calculate 6 - ((9 - 2) + -7).
6
What is the value of -3 - (-6 + -2 + 4)?
1
What is -4 + (13 - 5) + -9 + 0?
-5
What is 14 - (-11 + -4 + 36)?
-7
Evaluate -16 + (-5 - -8) - -9.
-4
What is 5 + -6 + (-10 - -17)?
6
What is 3 + (0 - -3) + 6 + -10?
2
What is 8 + (-11 + 2 + 6 - 5)?
0
What is (-6 + (13 - 7) - -2) + -3?
-1
Evaluate -1 + 14 + -5 + 19 + -21.
6
What is 6 - ((-8 - -5) + 10)?
-1
What is the value of -49 + 52 - (2 - (-1 - -2))?
2
What is -8 + 3 + 3 + -1?
-3
Calculate -12 + -11 + 6 - -11.
-6
Evaluate 15 + -5 - 12 - (0 - -7).
-9
Calculate (1 - (1 + 3)) + 1.
-2
-1 - (6 + -1 + -5 - 4)
3
Calculate -3 + 14 - (4 + 6).
1
Calculate -2 + 1 + 3 + -2 - 2.
-2
Calculate 4 + -1 + -5 + 1 + 0.
-1
What is the value of (0 - (3 + -7)) + 0?
4
Calculate -11 + 16 + -3 + -2.
0
What is the value of -4 - (0 - (1 - -4) - -8)?
-7
Calculate -3 + (-14 - (-18 - -6)).
-5
What is the value of (43 - 52 - (0 + 0)) + 6?
-3
Evaluate 2 + (5 - (2 + 0 - -6)).
-1
Calculate 2 - -2 - 0 - 3.
1
-4 + 3 - (-1 - -2) - 0
-2
Calculate 9 + -19 - (-1 + 0 + -4).
-5
What is the value of -2 - -1 - -3 - (28 + -25)?
-1
Calculate 0 + 4 - (7 + (0 - 1)).
-2
Calculate (-2 + 2 - 0) + 1.
1
4 - (5 - (0 + 6))
5
What is 5 - (-5 + 1 + 3 + -3)?
9
What is the value of (-8 + -4 - -19) + (-3 - 0)?
4
-2 + -7 + 15 + -2
4
What is -11 + -10 + 16 - (-1 - 6)?
2
(-11 - -11) + (0 - -1) + -4
-3
Evaluate 0 + 0 + 3 + -1 + 1.
3
What is 13 - (5 + (9 - 1 - 6))?
6
Evaluate 8 + -6 + 0 + (-3 - 1).
-2
Evaluate 4 - -2 - (5 - 5).
6
What is -7 + 1 + 1 + 2?
-3
What is the value of (3 - -2) + -8 - -6?
3
(1 - -3) + -6 - -4 - -4
6
What is (4 - 7) + (2 - -2)?
1
What is -9 + -1 + 4 - -12?
6
What is the value of -12 + -4 + 2 + 3 - -2?
-9
What is the value of -2 + 4 + -1 - 3?
-2
3 + -2 + 6 + -5
2
Evaluate (8 - 8 - -1) + 1.
2
What is -2 + 7 + -1 + -3?
1
What is the value of -3 + (-3 - (-7 - 0))?
1
Evaluate 3 + -3 + -1 + 22 + -21.
0
Evaluate (2 - 0) + -7 + (13 - 15).
-7
What is the value of 3 + -9 - -4 - -1?
-1
Evaluate 0 + -8 - (-18 + 8).
2
What is the value of (1 - -2) + (-5 + 3 - 3)?
-2
Calculate -25 + (27 - 1) - (-1 + 0).
2
What is the value of -225 - -231 - (9 + -1)?
-2
What is the value of (0 - (-2 + 3)) + -4?
-5
Evaluate 0 + -9 + 19 + -14.
-4
Calculate 2 + -8 + 4 + 3.
1
Calculate -2 + 2 + 1 + (9 - 14).
-4
What is 2 + (4 + -3 - 6) - 1?
-4
What is the value of -1 + 2 - 0 - (1 + 1)?
-1
(-1 + 6 - 3 - 2) + -3
-3
Calculate -5 + -1 - ((0 - -4) + -6).
-4
Evaluate (7 - 7) + -6 - (3 - 1).
-8
What is the value of -8 - (-3 + -3 + 1)?
-3
Evaluate -1 + 2 + (-1 - -3).
3
Calculate (-7 - -15 - 0) + -12.
-4
Evaluate -10 - (0 - (16 + -7)).
-1
-2 + 5 - (-11 - -10)
4
What is -9 + 13 + 8 + -9?
3
What is -1 + -1 + 2 - (19 - 12)?
-7
Calculate -5 + 0 - (-1 + -19 + 24).
-9
Calculate 2 + -3 - (2 - -2).
-5
What is the value of (2 - 2) + -13 + -1 + 6?
-8
Evaluate 4 - 5 - 4 - -4.
-1
Evaluate -1 + -5 + 5 + 3.
2
What is 0 + -3 - -2 - (-4 - -5)?
-2
What is the value of -11 + 13 + -20 + 11?
-7
What is (-12 - -3 - -17) + -3?
5
Evaluate -1 - (-7 + 1) - 1.
4
Evaluate (-2 - -2) + 5 + 0 + -2.
3
1 + 6 + (0 - -7 - 23)
-9
Calculate (4 - -3) + 26 + -37.
-4
10 - -1 - (25 - 6)
-8
Evaluate (-8 + 6 - -8) + -11.
-5
-4 + (9 - 11) + 10
4
Calculate 0 - -2 - -2 - (-2 + 1).
5
8 + -5 + 8 + -6
5
Evaluate -17 + 11 + (0 - -3).
-3
Evaluate -2 + 5 - (0 - 1) - 5.
-1
What is the value of 20 + -6 + (7 - 12)?
9
-12 + 10 - 6 - -9
1
What is -5 + 4 - 6 - -9?
2
Evaluate 2 + (1 - 7 - (-55 - -45)).
6
What is the value of 2 + 16 + -17 + -6 + -1?
-6
Evaluate (0 - 6) + -4 + 5.
-5
What is 8 + -2 + -1 + 2 + -3?
4
What is the value of 2 - ((-5 + 10 - 2) + -9)?
8
Evaluate -1 + (6 - 10) + 11 + -1.
5
-2 - (-2 + -5 + (0 - -2))
3
What is the value of 2 + (-1 + -11 - -5)?
-5
Evaluate (-1 - -4) + -1 + 0.
2
-46 - -47 - (11 + -3)
-7
What is 7 - (-4 - -3) - (1 + 3)?
4
-5 - (0 - 3) - -3
1
-5 + 1 + 0 + 2
-2
4 - (2 - 3) - 2
3
What is 8 + (10 - (-3 - -8)) + -13?
0
What is the value of -2 - (-1 + 3) - -9?
5
Calculate -1 - -9 - (73 - 71).
6
What is (-6 - -4) + 10 - 3?
5
What is -5 + 3 + -3 + -2 + 2?
-5
-13 + 10 + (-2 - (-7 + 2))
0
Evaluate 0 - -6 - (6 - -4).
-4
(1 - 6) + 0 + -3 + 3
-5
What is the value of (-5 - -5) + -6 + -1?
-7
-5 - (2 + -4) - (-32 + 32)
-3
What is 1 - (-7 - (-4 + 0)) - 4?
0
What is -4 + (-1 + 5 - (-1 - -1))?
0
What is 1 - 1 - (2 - 7 - 0)?
5
What is the value of -2 - -1 - (7 + -5)?
-3
What is the value of (-6 - 3) + 4 + 0?
-5
What is the value of (-7 - 1 - (-9 + 5)) + 3?
-1
What is the value of -11 - (-18 - (5 - 6))?
6
What is -1 + 4 + (0 - 8)?
-5
(-4 - (-3 - -2)) + (-4 - -12)
5
What is the value of -3 + (2 - 2) + -2 + 1?
-4
Evaluate (0 + 4 - -2 - 2) + -1.
3
Calculate (-8 + 3 - -12) + 0.
7
What is (-12 - -10) + (2 - -1) + 4?
5
Calculate -1 - (-2 + 1) - (0 - -2).
-2
Evaluate -12 + 12 + 2 + (-4 - -1).
-1
Evaluate (1 - (-1 + 2)) + -4.
-4
What is the value of 3 - (-4 + (0 - (1 - 4)))?
4
What is -4 + (-12 - -5) + 6 + 1?
-4
What is 2 + -2 - (-2 + 3) - 1?
-2
What is the value of 2 + -1 + -4 + 1?
-2
Evaluate 1 + (-1 - (1 - 5) - 2).
2
What is the value of -1 - -4 - (9 + -15)?
9
What is the value of -6 + -1 + 0 + 192 + -188?
-3
0 + 5 - (-2 + 8)
-1
What is the value of (1 - 5) + 4 - (1 - 0)?
-1
Evaluate -2 - (-4 + (-2 - -7)).
-3
What is (-2 + 1 - (-9 - -6)) + 3?
5
Calculate (-36 - -31) + 11 + 2 + -2.
6
What is 7 - ((-13 - -9) + 3)?
8
What is the value of -1 + -6 + 3 + -6 + 4?
-6
Evaluate 1 + -5 - (4 - 1 - 7).
0
Evaluate 8 + (-5 - -3 - 9).
-3
What is the value of (2 + -1 - (0 + -2)) + -6?
-3
11 + -13 + (2 - 4)
-4
Evaluate (2 - 1) + 1 + -1 + 3.
4
What is the value of 7 - 5 - (-5 + 3)?
4
What is (-19 - -11) + -2 + 3?
-7
What is -35 + 33 + (3 + -2 - 5)?
-6
Calculate 7 - (-3 - -4) - (-1 + 2).
5
(-2 + 1 - -3) + -3 - -6
5
What is the value of (-1 - 5) + (2 - -3)?
-1
-1 - ((2 - -3) + -1)
-5
Evaluate 0 - (2 + (0 - -3)).
-5
What is -8 - (-6 + 7 + -4)?
-5
What is the value of -1 + -3 + 6 + -9 - -4?
-3
What is 4 + 3 + 1 + -4 - 0?
4
Calculate 4 + (-1 + -1 - 6).
-4
Evaluate -1 + (2 - (-1 - 1)) - 4.
-1
Calculate -4 - (0 + 3 + -2 + -2).
-3
Calculate 4 - (-2 - -2) - (3 + 2).
-1
What is the value of -6 + 5 + (6 - 1)?
4
What is the value of -1 + (1 - 5) + 1 + 10?
6
Evaluate 1 - ((4 - 12) + 5).
4
What is (4 - -2) + 2 + 3 + -18?
-7
What is (11 - (22 + -6)) + 0 + 6?
1
What is the value of -6 + -1 + (31 - 18)?
6
8 + -5 + (-4 - -5)
4
Evaluate (-1 - 5) + 4 + 5 + -1.
2
What is 3 + (-6 - -7) + 3 + -5?
2
What is the value of 150 - 154 - (1 + -14)?
9
What is the value of 0 - 2 - -5 - 6?
-3
Calculate 4 - (8 + (-18 - -9)).
5
What is -3 + 1 + 8 + -8?
-2
What is 7 - (-9 + 18 + -5)?
3
2 - ((1 - -1) + 3 + -5)
2
Evaluate -6 - (12 - 6 - 14).
2
What is the value of 1 + -2 + -5 + (-2 - -3)?
-5
Evaluate -3 - (-1 + 1 + -8).
5
-2 + (0 - -5) + -1 + -2
0
Evaluate 1 + 5 + (-7 + -5 - -6).
0
Evaluate -37 + 34 - (-1 + -6 + 0).
4
Calculate -4 + (1 - (-2 - (-1 + -1))).
-3
What is the value of -1 + (-14 - -22) + -4 + 1?
4
Calculate -1 + -1 - (4 - 3).
-3
What is -3 + 2 - (34 - 37)?
2
What is -1 - (-4 - -4) - (-8 + 12)?
-5
What is 2 + (-1 - -3 - 5) + 1?
0
What is the value of (5 - -2) + -8 + 4?
3
Calculate (32 - 31) + (1 - 0).
2
-4 + (11 - (1 - -1))
5
What is the value of (-6 - -8 - 6) + 9?
5
Evaluate -3 + (10 - 5) 